u, 0 = -h + 5*u + p. What are the prime factors of h?
2, 59
Let p = -22 + 41. Let t be -1*(1 - 2) - p. List the prime factors of 1/3 + (-2262)/t.
2, 3, 7
Suppose -175 = 62*q - 97*q. Let g(j) = 71*j - 42. List the prime factors of g(q).
313
Let g(w) be the third derivative of -w**5/30 - 5*w**4/8 + w**3 - 38*w**2. Let x be g(-6). Let b = x - -188. List the prime factors of b.
2, 53
Let t = -457 - -460. Suppose 4*r - 2*p - 3466 = 0, r + 2*p + t*p = 883. What are the prime factors of r?
2, 7, 31
Let g be -5*(-9 - -5) - (-1)/1. Suppose 3*p = -5*i + 9*i + 17, 0 = 5*p - 3*i - g. Suppose -p*r + 2*r = -3, -3*r - 211 = -2*u. List the prime factors of u.
2, 5, 11
Let q(x) = 6*x**3 - 27*x**2 - 16*x + 29. List the prime factors of q(9).
2, 7, 37
Let o = 43885 - 25179. List the prime factors of o.
2, 47, 199
Suppose -c = n - 73647, 0 = 16*c - 11*c - 4*c. List the prime factors of n.
3, 7, 167
List the prime factors of 451656/40 + (12/(-5))/(-4).
2, 3, 941
List the prime factors of (11 - 12 - 281)/(12/(-80)).
2, 5, 47
Let u = -1316 + 8633. What are the prime factors of u?
3, 271
Suppose 309*p - 445308 = 266*p. What are the prime factors of p?
2, 3, 863
Let m = 166 - 148. Suppose 11816 = -4*o + m*o. List the prime factors of o.
2, 211
Suppose -4*j = -86*a + 88*a - 38218, 5*a - 19113 = -2*j. List the prime factors of j.
2, 17, 281
Let k be (-1030)/412*(0 - 102)*1. Suppose 3*y - 2270 = -5*f, 0*y + y + 908 = 2*f. Let r = f - k. List the prime factors of r.
199
Let z be 675/125 - (-3)/5. Suppose z*i - 513 = 3*i. What are the prime factors of i?
3, 19
Suppose -3*f + 76 = -7*f. Let w(b) = -b**2 - 21*b - 13. What are the prime factors of w(f)?
5
Let o(c) = -251*c**2 + c + 2. Let a be o(-1). Let q = a + 156. Let k = -54 - q. List the prime factors of k.
2, 5
Suppose -5*b + 2*b + 1890 = 0. Suppose -8*l = -15*l + b. What are the prime factors of l?
2, 3, 5
Let c be 43389/135 - 3/(-5). Suppose 6*p - c = 20. What are the prime factors of p?
3, 19
Let b = 119 - 61. Suppose 20 = 5*u, -3*q - 4*u - 12 + b = 0. Suppose q = 5*l - 5. What are the prime factors of l?
3
Suppose -10*c + 46272 = 5*c - 12318. List the prime factors of c.
2, 3, 7, 31
Suppose -495 = -5*t - 0*n + 3*n, 0 = -2*t - n + 198. Let v = t + 264. List the prime factors of v.
3, 11
Let h(n) = -5*n**3 + 2*n**2 - 60*n - 1240. List the prime factors of h(-15).
5, 43, 79
Let k = 44 + -40. Suppose 14 = k*d - 2. Suppose -4*i + 138 = -0*i + z, -3*i + d*z + 94 = 0. What are the prime factors of i?
2, 17
Let d = 3939 - 911. What are the prime factors of d?
2, 757
Let g(p) = -8*p + 108. Let t be g(14). List the prime factors of ((-870)/t)/(-5)*-6.
3, 29
Suppose 3*z - 4*t - 48342 = -0*t, -3*z + t = -48342. What are the prime factors of 12/(-9) - z/(-21)?
2, 383
Suppose -1392 = -3*x + 3*h, x - 454 = -0*x + 3*h. Let s = x - 245. List the prime factors of s.
2, 7
Let o(t) = -404*t + 39581. What are the prime factors of o(0)?
39581
Let o be (1/((-6)/600))/(4/(-6)). Let z = 243 - o. List the prime factors of z.
3, 31
Suppose 177*k = 308*k + 382920 - 3403780. What are the prime factors of k?
2, 5, 1153
Let f(a) = 357*a**2 + 20*a - 2. What are the prime factors of f(4)?
2, 3, 5, 193
Suppose -4*b + 0*k = -3*k - 547, 546 = 4*b - 2*k. Suppose b = 5*v - v. What are the prime factors of v?
2, 17
Let m(o) = o**3 - 14*o**2 - 14*o - 13. Let p = 40 - 25. Let j be m(p). Suppose j*n - 144 = -z - 32, 0 = -4*z + 5*n + 487. List the prime factors of z.
2, 59
Let k(c) = -2. Let l(s) = -s**3 - 7*s**2 + 16*s - 19. Let g be l(-9). Let v(b) = -17*b - 11. Let z(m) = g*v(m) + 6*k(m). What are the prime factors of z(1)?
2
Let b be 684 - 0/(12/3). Let g = -474 + b. Suppose 54 = -3*u + g. List the prime factors of u.
2, 13
Let g be 1/(-3 - 75/(-24)). What are the prime factors of 3390/g + (-5)/(-4) + -2?
3, 47
Let h(x) = 2247*x - 232. Let t be h(19). Suppose t = 45*f + 3131. List the prime factors of f.
2, 19, 23
Suppose -7*l = 9 - 30. Suppose l*m - 2155 = -2*m - 5*q, q + 1714 = 4*m. What are the prime factors of m?
3, 11, 13
Let k(t) = 2*t**2 + 40*t - 2. Let n be k(-21). What are the prime factors of (492/10)/(12/n)?
2, 41
Let m be ((-66)/(-5))/((-60)/(-150)). Let k(s) = m*s - 23*s + 24 - 16*s - 14*s - 13*s**2 + s**3. List the prime factors of k(15).
2, 3, 29
Let k = 15723 + -11035. What are the prime factors of k?
2, 293
Let b be -45 - -1*(-1 - -2). Suppose -226 = -4*r - 0*i + 6*i, 186 = 3*r + i. Let j = b + r. List the prime factors of j.
17
Let n = 37 - 27. Suppose n = -5*r, 0 = -2*m - m - 4*r - 386. Let x = -96 - m. List the prime factors of x.
2, 3, 5
Suppose 0 = 9*n - 18. Suppose -n*p = -1518 + 460. What are the prime factors of p?
23
Let s(j) = -j**3 + 33*j**2 + 65*j + 309. What are the prime factors of s(33)?
2, 3, 409
Let j = -24994 - -37602. List the prime factors of j.
2, 197
Let n(k) = k**2 + 4*k + 5. Let a be 3 - (-8*(-2)/4 + 1). Let j be n(a). Suppose 0 = -o - 4*z + 5, -o - j + 6 = z. List the prime factors of o.
5
Let w(s) be the second derivative of -4*s**3/3 + 241*s**2/2 - 180*s. What are the prime factors of w(12)?
5, 29
Suppose 0 = -5*n - 873 + 843. Let f = 269 - n. List the prime factors of f.
5, 11
Suppose -5*o - 2*j + 13 = 0, -3*j + 9 = 4*o - 0. Suppose -5*l + 796 = o*a - 1359, 4*l - 5*a - 1761 = 0. What are the prime factors of l?
2, 7, 31
Let v(c) = 591*c**2 - 334*c - 2764. List the prime factors of v(-9).
13, 3701
Let t(i) = 16*i**2 + 87*i - 6192. What are the prime factors of t(-78)?
2, 3, 43, 109
Suppose -3*w + 98 = -2*s, 2*w - 4*s - 51 = 1. Let o(a) = -5*a - 19. Let g be o(-4). Suppose -d + g = 3*t, 6*t = d + 2*t - w. What are the prime factors of d?
2
Suppose -21*o - 4174 = 7523. Let q = o + 1049. What are the prime factors of q?
2, 3, 41
Let k = -95 - -100. Suppose -z - 2471 = -k*z - 3*w, -3*w - 2441 = -4*z. List the prime factors of z.
2, 307
Suppose 2*z - 2*c = 14 + 10, 3*c + 22 = 2*z. Suppose -z*r = 103 - 5045. What are the prime factors of r?
353
Let i(g) be the first derivative of 5*g**4/4 - g**3/3 + 5*g**2/2 - 3*g + 13. Let z be i(1). What are the prime factors of ((-9)/z)/(15/(-1580))?
2, 79
Suppose 0 = -22*m + 2 - 2. What are the prime factors of m*5/(-20) + 70*7?
2, 5, 7
Let s = -66 + 68. Suppose 194 = s*p - 116. List the prime factors of p.
5, 31
Suppose n + 15*t - 13994 = 12*t, -42007 = -3*n - 4*t. List the prime factors of n.
14009
Let f(u) = -11*u - 6. Let a be f(6). Let o be (-328)/(-9348) - (-283)/57. What are the prime factors of (o - 2)*-1 - (-4 + a)?
73
Let r = -2691 - -5837. Suppose -r = -95*u + 82*u. What are the prime factors of u?
2, 11
Let j(i) = 1830 - 14*i - 826 - 789 - 5*i - 2*i. List the prime factors of j(-3).
2, 139
List the prime factors of ((-11274)/(8 + -2))/(-1).
1879
Let r(p) = p**3 - 13*p**2 - 9*p - 1. Let k(h) = -2*h**3 - 2*h**2 - 2*h + 3. Let m be k(-2). Let x be r(m). Let d = x - 170. What are the prime factors of d?
2, 3
Let c(b) = 4*b - 56. Let v be c(19). Suppose v = 4*l, 9*l - 4*l = 5*m - 390. Let n = m - -112. What are the prime factors of n?
3, 5, 13
Suppose -5*i = -4*p - 40138, 0*i - 2*i - 2*p = -16066. What are the prime factors of i?
2, 5, 11, 73
Let j = 3005 + 749. What are the prime factors of j?
2, 1877
Let k = -220 + 225. Suppose -k*c - 2*o = -905, 3*c = -5*o + 556 - 32. List the prime factors of c.
3, 61
Let b = 1768 - -47363. What are the prime factors of b?
3, 53, 103
Let i(b) = 21*b**3 + 24*b**2 - 82*b - 11. List the prime factors of i(11).
2, 11, 1361
Let a(m) = 198*m**2 - 121*m - 890. List the prime factors of a(-8).
2, 3, 5, 17
Let y(n) = -5*n**3 + 15*n**2 - 55*n + 34. Let x(z) = -11*z**3 + 28*z**2 - 111*z + 69. Let r(a) = -4*x(a) + 9*y(a). What are the prime factors of r(20)?
2, 3, 5, 7
Let k = -44 + 54. Let s be (k/(-6))/(-5) - 312/18. Let w(a) = a**2 + 12*a - 6. List the prime factors of w(s).
79
Let q be (3*(-5)/(-3))/1. Suppose -70 = -q*l - 3*z - 8, -4*l = -4*z - 24. List the prime factors of ((-18)/7)/(l/(-35)).
3
Let x be (-60)/(-14) - (-2)/(-7). Suppose 26*c + 28 = 40*c. Suppose -4*u = x*s - 96, c*u + s - 50 = -3*s. List the prime factors of u.
23
Suppose 0 = -16*r + 467269 - 58293. List the prime factors of r.
25561
Let o(d) = 167*d**2 + 167*d**2 - 336*d**2 - 12*d**3 - 4*d + 4. Let z be o(-2). Suppose -z - 185 = -5*n. List the prime factors of n.
3, 19